{"id":1086,"date":"2016-12-12T10:29:32","date_gmt":"2016-12-12T08:29:32","guid":{"rendered":"http:\/\/www.foreignpolicyandpeace.org\/?page_id=1086"},"modified":"2023-03-03T11:46:44","modified_gmt":"2023-03-03T08:46:44","slug":"stajyerlerimiz","status":"publish","type":"page","link":"https:\/\/www.foreignpolicyandpeace.org\/index.php\/tr\/stajyerlerimiz\/","title":{"rendered":"Stajyerlerimiz"},"content":{"rendered":"<p><strong>BAHAR 2023 Stajyerleri<\/strong><\/p>\n<p><img loading=\"lazy\" decoding=\"async\" class=\"alignleft size-full wp-image-2781\" src=\"https:\/\/www.foreignpolicyandpeace.org\/wp-content\/uploads\/2023\/02\/Spring-23.jpg\" alt=\"\" width=\"1279\" height=\"270\" srcset=\"https:\/\/www.foreignpolicyandpeace.org\/wp-content\/uploads\/2023\/02\/Spring-23.jpg 1279w, https:\/\/www.foreignpolicyandpeace.org\/wp-content\/uploads\/2023\/02\/Spring-23-300x63.jpg 300w, https:\/\/www.foreignpolicyandpeace.org\/wp-content\/uploads\/2023\/02\/Spring-23-1024x216.jpg 1024w, https:\/\/www.foreignpolicyandpeace.org\/wp-content\/uploads\/2023\/02\/Spring-23-768x162.jpg 768w\" sizes=\"auto, (max-width: 1279px) 100vw, 1279px\" \/><\/p>\n<p>Merkezimizde staj\u0131n\u0131 ba\u015far\u0131yla tamamlam\u0131\u015f stajyerlerimiz:<br \/><a href=\"https:\/\/www.foreignpolicyandpeace.org\/wp-content\/uploads\/2023\/03\/CFPPR-Interns.pdf\" class=\"pdfemb-viewer\" style=\"\" data-width=\"max\" data-height=\"max\" data-toolbar=\"bottom\" data-toolbar-fixed=\"off\">CFPPR-Interns<\/a><\/p>\n<div class=\"owl_slider slider-large content-sliders owl-carousel builder_slider\"><div class=\"item_slide\"><a class=\"feature-link\" href=\"https:\/\/www.foreignpolicyandpeace.org\/wp-content\/uploads\/2020\/10\/IMG_1042.png\"><img decoding=\"async\" src=\"https:\/\/www.foreignpolicyandpeace.org\/wp-content\/uploads\/2020\/10\/IMG_1042.png\" \/><\/a><div class=\"item_slide_caption shortcode_slider\"><h1> G\u00fcz 2019<\/h1><\/div><\/div><div class=\"item_slide\"><a class=\"feature-link\" href=\"https:\/\/www.foreignpolicyandpeace.org\/wp-content\/uploads\/2020\/10\/summer-2019.png\"><img decoding=\"async\" src=\"https:\/\/www.foreignpolicyandpeace.org\/wp-content\/uploads\/2020\/10\/summer-2019.png\" \/><\/a><div class=\"item_slide_caption shortcode_slider\"><h1> Yaz 2019<\/h1><\/div><\/div><div class=\"item_slide\"><a class=\"feature-link\" href=\"https:\/\/www.foreignpolicyandpeace.org\/wp-content\/uploads\/2020\/10\/Spring-2019.png\"><img decoding=\"async\" src=\"https:\/\/www.foreignpolicyandpeace.org\/wp-content\/uploads\/2020\/10\/Spring-2019.png\" \/><\/a><div class=\"item_slide_caption shortcode_slider\"><h1> Bahar 2019<\/h1><\/div><\/div><div class=\"item_slide\"><a class=\"feature-link\" href=\" https:\/\/www.foreignpolicyandpeace.org\/wp-content\/uploads\/2019\/09\/IMG_8296.jpg\"><img decoding=\"async\" src=\" https:\/\/www.foreignpolicyandpeace.org\/wp-content\/uploads\/2019\/09\/Summer-Fall-2018.jpg\" \/><\/a><div class=\"item_slide_caption shortcode_slider\"><h1> Yaz-G\u00fcz 2018<\/h1><\/div><\/div><div class=\"item_slide\"><a class=\"feature-link\" href=\" https:\/\/www.foreignpolicyandpeace.org\/wp-content\/uploads\/2019\/09\/IMG_5740.jpg\"><img decoding=\"async\" src=\"https:\/\/www.foreignpolicyandpeace.org\/wp-content\/uploads\/2016\/12\/IMG_5740-2-e1527165646804.jpg\" \/><\/a><div class=\"item_slide_caption shortcode_slider\"><h1> Bahar 2018 <\/h1><\/div><\/div><div class=\"item_slide\"><a class=\"feature-link\" href=\"https:\/\/www.foreignpolicyandpeace.org\/wp-content\/uploads\/2016\/12\/IMG_4598-2-e1527166042966.jpg\"><img decoding=\"async\" src=\"https:\/\/www.foreignpolicyandpeace.org\/wp-content\/uploads\/2016\/12\/IMG_4598-2-e1527166042966.jpg\" \/><\/a><div class=\"item_slide_caption shortcode_slider\"><h1> <\/h1><\/div><\/div><div class=\"item_slide\"><a class=\"feature-link\" href=\"https:\/\/www.foreignpolicyandpeace.org\/wp-content\/uploads\/2016\/12\/IMG_2396-2-e1527166105822.jpg\"><img decoding=\"async\" src=\"https:\/\/www.foreignpolicyandpeace.org\/wp-content\/uploads\/2016\/12\/IMG_2396-2-e1527166105822.jpg\" \/><\/a><div class=\"item_slide_caption shortcode_slider\"><h1> <\/h1><\/div><\/div><div class=\"item_slide\"><a class=\"feature-link\" href=\"https:\/\/www.foreignpolicyandpeace.org\/wp-content\/uploads\/2016\/12\/IMG_2216-2-e1527166164328.jpg\"><img decoding=\"async\" src=\"https:\/\/www.foreignpolicyandpeace.org\/wp-content\/uploads\/2016\/12\/IMG_2216-2-e1527166164328.jpg\" \/><\/a><div class=\"item_slide_caption shortcode_slider\"><h1> <\/h1><\/div><\/div><\/div>\n\n\n<p><\/p>\n","protected":false},"excerpt":{"rendered":"<p>BAHAR 2023 Stajyerleri Merkezimizde staj\u0131n\u0131 ba\u015far\u0131yla tamamlam\u0131\u015f stajyerlerimiz:<\/p>\n","protected":false},"author":2,"featured_media":0,"parent":0,"menu_order":0,"comment_status":"closed","ping_status":"closed","template":"","meta":{"_monsterinsights_skip_tracking":false,"_monsterinsights_sitenote_active":false,"_monsterinsights_sitenote_note":"","_monsterinsights_sitenote_category":0,"footnotes":""},"class_list":["post-1086","page","type-page","status-publish","hentry"],"post_mailing_queue_ids":[],"_links":{"self":[{"href":"https:\/\/www.foreignpolicyandpeace.org\/index.php\/wp-json\/wp\/v2\/pages\/1086","targetHints":{"allow":["GET"]}}],"collection":[{"href":"https:\/\/www.foreignpolicyandpeace.org\/index.php\/wp-json\/wp\/v2\/pages"}],"about":[{"href":"https:\/\/www.foreignpolicyandpeace.org\/index.php\/wp-json\/wp\/v2\/types\/page"}],"author":[{"embeddable":true,"href":"https:\/\/www.foreignpolicyandpeace.org\/index.php\/wp-json\/wp\/v2\/users\/2"}],"replies":[{"embeddable":true,"href":"https:\/\/www.foreignpolicyandpeace.org\/index.php\/wp-json\/wp\/v2\/comments?post=1086"}],"version-history":[{"count":3,"href":"https:\/\/www.foreignpolicyandpeace.org\/index.php\/wp-json\/wp\/v2\/pages\/1086\/revisions"}],"predecessor-version":[{"id":2798,"href":"https:\/\/www.foreignpolicyandpeace.org\/index.php\/wp-json\/wp\/v2\/pages\/1086\/revisions\/2798"}],"wp:attachment":[{"href":"https:\/\/www.foreignpolicyandpeace.org\/index.php\/wp-json\/wp\/v2\/media?parent=1086"}],"curies":[{"name":"wp","href":"https:\/\/api.w.org\/{rel}","templated":true}]}}