{"id":2700,"date":"2023-01-06T10:56:22","date_gmt":"2023-01-06T07:56:22","guid":{"rendered":"https:\/\/www.foreignpolicyandpeace.org\/?page_id=2700"},"modified":"2024-09-09T11:54:40","modified_gmt":"2024-09-09T08:54:40","slug":"bursiyerler","status":"publish","type":"page","link":"https:\/\/www.foreignpolicyandpeace.org\/index.php\/tr\/bursiyerler\/","title":{"rendered":"Ara\u015ft\u0131rmac\u0131lar"},"content":{"rendered":"<div id=\"aq-template-wrapper-3341\" class=\"aq-template-wrapper aq_row\"><div id=\"aq-block-3341-1\" class=\"aq-block aq-block-home_post_two_columns_list aq_span12 aq-first clearfix\">        <div class=\"widget two_columns_post builder_two_cols\">\r\n        <div class=\"feature-two-column list-col1-home left-post-display-content margin-left-post color-1\">\r\n                <div class=\"wrap_box_style_ul\">\r\n        <ul class=\"feature-post-list\">\r\n\r\n   \r\n   <li class=\"appear_animation\">\r\n   <a  href=\"https:\/\/www.foreignpolicyandpeace.org\/index.php\/tr\/2024\/09\/gudlaug-olafsdottir\/\" class=\"feature-image-link image_post\" title=\"Gudlaug Olafsdottir (2023)\">              \r\n<img loading=\"lazy\" decoding=\"async\" width=\"100\" height=\"75\" src=\"https:\/\/www.foreignpolicyandpeace.org\/wp-content\/uploads\/2024\/09\/WhatsApp-Image-2024-09-09-at-11.53.27-100x75.jpeg\" class=\"attachment-small-feature size-small-feature wp-post-image\" alt=\"\" \/><\/a>\r\n<div class=\"item-details\">\r\n     <h3 class=\"feature-post-title\"><a href=\"https:\/\/www.foreignpolicyandpeace.org\/index.php\/tr\/2024\/09\/gudlaug-olafsdottir\/\">Gudlaug Olafsdottir (2023)<\/a><\/h3>\r\n  <p class=\"post-meta meta-main-img\"><span class=\"post-date\"><i class=\"fa fa-clock-o\"><\/i>Sep 09, 2024<\/span><\/p>   <\/div>\r\n   <div class=\"clearfix\"><\/div>\r\n   <\/li>\r\n\r\n  \r\n\r\n     <\/ul>     <\/div>      \r\n       \r\n        <\/div>\r\n\r\n          <div class=\"feature-two-column right-post-display-content color-12\">\r\n    <div class=\"wrap_box_style_ul\">\r\n  <ul class=\"feature-post-list\"> \r\n\r\n   \r\n\r\n   <li class=\"appear_animation\">\r\n   <a  href=\"https:\/\/www.foreignpolicyandpeace.org\/index.php\/tr\/2024\/09\/enes-samil-kiraz\/\" class=\"feature-image-link image_post\" title=\"Enes \u015eamil Kiraz (2024)\">              \r\n<img loading=\"lazy\" decoding=\"async\" width=\"100\" height=\"75\" src=\"https:\/\/www.foreignpolicyandpeace.org\/wp-content\/uploads\/2024\/09\/Ekran-Resmi-2024-09-10-10.04.11-100x75.png\" class=\"attachment-small-feature size-small-feature wp-post-image\" alt=\"\" \/><\/a>\r\n   <div class=\"item-details\">\r\n       <h3 class=\"feature-post-title\"><a href=\"https:\/\/www.foreignpolicyandpeace.org\/index.php\/tr\/2024\/09\/enes-samil-kiraz\/\">Enes \u015eamil Kiraz (2024)<\/a><\/h3>\r\n   <p class=\"post-meta meta-main-img\"><span class=\"post-date\"><i class=\"fa fa-clock-o\"><\/i>Sep 09, 2024<\/span><\/p>   <\/div>\r\n   <div class=\"clearfix\"><\/div>\r\n   <\/li>\r\n     <\/ul>    <\/div>        \r\n                    \r\n            \r\n        <\/div>\r\n         <\/div>\r\n      \r\n        <\/div><\/div>\n\n\n\n<p><strong>Ziyaret Burslar\u0131<\/strong><br>D\u0131\u015f Politika ve Bar\u0131\u015f Ara\u015ft\u0131rmalar\u0131 Merkezi (CFPPR), kurumlar\u0131 yurt d\u0131\u015f\u0131nda bulunan ve bilimsel faaliyetler (\u00f6rne\u011fin, saha ara\u015ft\u0131rmas\u0131, \u00fccretli akademik izin) i\u00e7in T\u00fcrkiye&#8217;yi ziyaret etmeyi planlayan \u00f6\u011frenciler ve akademisyenler i\u00e7in ziyaret burslar\u0131 sunmaktad\u0131r. Ara\u015ft\u0131rmalar\u0131 uluslararas\u0131 ili\u015fkiler, bar\u0131\u015f ve \u00e7at\u0131\u015fma \u00e7al\u0131\u015fmalar\u0131 ve d\u0131\u015f politika analizi kapsam\u0131na giren adaylar\u0131n ba\u015fvurmalar\u0131 \u015fiddetle tavsiye edilir.<\/p>\n\n\n\n<p><br>\u0130ki burs program\u0131 sunmaktay\u0131z:<\/p>\n\n\n\n<p><em>Gen\u00e7 bursu<\/em>, T\u00fcrkiye&#8217;de akademik faaliyetlerde bulunmak isteyen doktora \u00f6\u011frencilerinin yan\u0131 s\u0131ra kariyerinin ba\u015f\u0131nda olan ve kadrolu olmayan akademisyenler i\u00e7in uygundur. \u00d6zellikle T\u00fcrkiye&#8217;de saha ara\u015ft\u0131rmas\u0131 yapmak isteyen akademisyenleri a\u011f\u0131rlamakla ilgileniyoruz.<br><em>K\u0131demli bursu<\/em>, T\u00fcrkiye&#8217;de bilimsel faaliyetler planlayan kadrolu ve k\u0131demli akademisyenler i\u00e7in uygundur. \u00dccretli akademik izinlerini T\u00fcrkiye&#8217;de ge\u00e7irmek isteyen akademisyenleri memnuniyetle a\u011f\u0131rl\u0131yoruz.<br>Burs bir y\u0131la kadar verilebilir.<\/p>\n\n\n\n<p><br><strong>Sundu\u011fumuz olanaklar:<\/strong><br>CFPPR, Bilkent \u00dcniversitesi&#8217;nde bulunan motive olmu\u015f ara\u015ft\u0131rmac\u0131lar ve farkl\u0131 bilimsel ilgi alanlar\u0131na sahip geni\u015f bir bilim insan\u0131 a\u011f\u0131ndan olu\u015fan bir ara\u015ft\u0131rma merkezidir. Akademik faaliyetlerini y\u00fcr\u00fctenleri a\u011f\u0131rlamaktan ve onlara keyifli bir akademik ortam sa\u011flamaktan heyecan duymaktay\u0131z. Bursiyerler, CFPPR&#8217;ye ba\u011fl\u0131 olman\u0131n yan\u0131 s\u0131ra, m\u00fcsaitlik durumuna ba\u011fl\u0131 olarak, ofis alan\u0131na eri\u015fim ve ara\u015ft\u0131rma asistan(lar)\u0131 gibi \u00e7e\u015fitli avantajlardan yararlanabilmektedirler. CFPPR ara\u015ft\u0131rmayla ilgili fikir al\u0131\u015fveri\u015flerini kolayla\u015ft\u0131rma ve akademik a\u011flar kurma f\u0131rsatlar\u0131na adam\u0131\u015f oldu\u011fundan, \u00fcyeler ara\u015ft\u0131rmalar\u0131n\u0131 sunma f\u0131rsat\u0131ndan da yararlanabilmektedirler.<\/p>\n\n\n\n<p><br><strong>Nas\u0131l ba\u015fvurulur:<\/strong><br>Ba\u015fvuru sahipleri, konu ba\u015fl\u0131\u011f\u0131 &#8220;Ziyaret Bursu&#8221; olan bir e-posta ile \u00f6zge\u00e7mi\u015f ve \u00f6n yaz\u0131lar\u0131n\u0131(\u00f6nerilen ziyaretin amac\u0131, s\u00fcresi, program\u0131 ve \u00f6zel ihtiya\u00e7lar hakk\u0131ndaki bilgiler dahil olmak \u00fczere ba\u015fvuruyla ilgili di\u011fer bilgileri a\u00e7\u0131klayan) fppr@bilkent.edu.tr adresine g\u00f6ndermelidir. <\/p>\n\n\n\n<p>Son teslim tarihi yok. Bu a\u00e7\u0131k bir \u00e7a\u011fr\u0131d\u0131r ve ba\u015fvurular s\u00fcrekli olarak kabul edilmektedir.<\/p>\n","protected":false},"excerpt":{"rendered":"<p>Ziyaret Burslar\u0131D\u0131\u015f Politika ve Bar\u0131\u015f Ara\u015ft\u0131rmalar\u0131 Merkezi (CFPPR), kurumlar\u0131 yurt d\u0131\u015f\u0131nda bulunan ve bilimsel faaliyetler (\u00f6rne\u011fin, saha ara\u015ft\u0131rmas\u0131, \u00fccretli akademik izin) i\u00e7in T\u00fcrkiye&#8217;yi ziyaret etmeyi planlayan \u00f6\u011frenciler ve akademisyenler i\u00e7in [&hellip;]<\/p>\n","protected":false},"author":2,"featured_media":0,"parent":0,"menu_order":0,"comment_status":"closed","ping_status":"closed","template":"","meta":{"_monsterinsights_skip_tracking":false,"_monsterinsights_sitenote_active":false,"_monsterinsights_sitenote_note":"","_monsterinsights_sitenote_category":0,"footnotes":""},"class_list":["post-2700","page","type-page","status-publish","hentry"],"post_mailing_queue_ids":[],"_links":{"self":[{"href":"https:\/\/www.foreignpolicyandpeace.org\/index.php\/wp-json\/wp\/v2\/pages\/2700","targetHints":{"allow":["GET"]}}],"collection":[{"href":"https:\/\/www.foreignpolicyandpeace.org\/index.php\/wp-json\/wp\/v2\/pages"}],"about":[{"href":"https:\/\/www.foreignpolicyandpeace.org\/index.php\/wp-json\/wp\/v2\/types\/page"}],"author":[{"embeddable":true,"href":"https:\/\/www.foreignpolicyandpeace.org\/index.php\/wp-json\/wp\/v2\/users\/2"}],"replies":[{"embeddable":true,"href":"https:\/\/www.foreignpolicyandpeace.org\/index.php\/wp-json\/wp\/v2\/comments?post=2700"}],"version-history":[{"count":7,"href":"https:\/\/www.foreignpolicyandpeace.org\/index.php\/wp-json\/wp\/v2\/pages\/2700\/revisions"}],"predecessor-version":[{"id":3351,"href":"https:\/\/www.foreignpolicyandpeace.org\/index.php\/wp-json\/wp\/v2\/pages\/2700\/revisions\/3351"}],"wp:attachment":[{"href":"https:\/\/www.foreignpolicyandpeace.org\/index.php\/wp-json\/wp\/v2\/media?parent=2700"}],"curies":[{"name":"wp","href":"https:\/\/api.w.org\/{rel}","templated":true}]}}